{"id":7,"date":"2023-03-12T08:10:41","date_gmt":"2023-03-12T08:10:41","guid":{"rendered":"https:\/\/overskud.eskerahn.dk\/?page_id=7"},"modified":"2023-05-28T08:00:54","modified_gmt":"2023-05-28T08:00:54","slug":"overskud","status":"publish","type":"page","link":"https:\/\/overskud.eskerahn.dk\/","title":{"rendered":"Overskud"},"content":{"rendered":"<p>Dette er f\u00f8rste fors\u00f8g p\u00e5 en side med ting jeg har i overskud, men som jeg ikke n\u00e6nner at bare smide ud, og som kan afhentes gratis.<\/p>\n<p>Stort som sm\u00e5t.<\/p>\n<p>(Ting er ofte i originalemballage)<\/p>\n<p><img loading=\"lazy\" decoding=\"async\" class=\"alignnone size-full wp-image-5\" src=\"https:\/\/overskud.eskerahn.dk\/wp-content\/uploads\/2023\/03\/ELI83721HV.jpg\" alt=\"\" width=\"500\" height=\"500\" srcset=\"https:\/\/overskud.eskerahn.dk\/wp-content\/uploads\/2023\/03\/ELI83721HV.jpg 500w, https:\/\/overskud.eskerahn.dk\/wp-content\/uploads\/2023\/03\/ELI83721HV-300x300.jpg 300w, https:\/\/overskud.eskerahn.dk\/wp-content\/uploads\/2023\/03\/ELI83721HV-150x150.jpg 150w\" sizes=\"auto, (max-width: 500px) 100vw, 500px\" \/><img loading=\"lazy\" decoding=\"async\" class=\"alignnone size-thumbnail wp-image-6\" src=\"https:\/\/overskud.eskerahn.dk\/wp-content\/uploads\/2023\/03\/ZYZ-139-150x150.jpeg\" alt=\"\" width=\"150\" height=\"150\" srcset=\"https:\/\/overskud.eskerahn.dk\/wp-content\/uploads\/2023\/03\/ZYZ-139-150x150.jpeg 150w, https:\/\/overskud.eskerahn.dk\/wp-content\/uploads\/2023\/03\/ZYZ-139-300x300.jpeg 300w, https:\/\/overskud.eskerahn.dk\/wp-content\/uploads\/2023\/03\/ZYZ-139.jpeg 640w\" sizes=\"auto, (max-width: 150px) 100vw, 150px\" \/><\/p>\n<p>Har noget interesse s\u00e5 kontakt mig for at aftale afhentning\/levering.<\/p>\n<p>Siden vil blive opdateret som jeg s\u00e6tter mere p\u00e5 eller f\u00e5r afsat noget.<\/p>\n<ul class=\"lcp_catlist\" id=\"lcp_instance_0\"><li><a href=\"https:\/\/overskud.eskerahn.dk\/?p=80\" class=\"eskeheader\">Skjorter&#8230; Fejlk\u00f8b.<\/a><div class=\"lcp_content\"><p>Fire skjorter der i Europ\u00e6iske m\u00e5l er ca st\u00f8rrelse 43-44 <span style=\"color: #999999;\">(Asiatisk m\u00e5l 4XL)<\/span><\/p>\n<p>&nbsp;<\/p>\n<p>Et styks bl\u00f8d kort\u00e6rmet skjorte med h\u00e6slige glimmer-knapper jeg er for doven til at skifte &#8211; ubrugt:<\/p>\n<p>Model 3807 <a href=\"https:\/\/www.aliexpress.com\/item\/1005002632988746.html\">herfra<\/a>. (ca 200Kr)<br \/>\n<a href=\"https:\/\/overskud.eskerahn.dk\/wp-content\/uploads\/2023\/06\/New-Arrival-Fashion-Super-Large-Cotton-Bamboo-Fiber-Men-Short-Sleeve-Large-Casual-Shirts-Summer-Plus.jpg\"><img loading=\"lazy\" decoding=\"async\" class=\"alignnone size-medium wp-image-81\" src=\"https:\/\/overskud.eskerahn.dk\/wp-content\/uploads\/2023\/06\/New-Arrival-Fashion-Super-Large-Cotton-Bamboo-Fiber-Men-Short-Sleeve-Large-Casual-Shirts-Summer-Plus-300x300.jpg\" alt=\"\" width=\"300\" height=\"300\" srcset=\"https:\/\/overskud.eskerahn.dk\/wp-content\/uploads\/2023\/06\/New-Arrival-Fashion-Super-Large-Cotton-Bamboo-Fiber-Men-Short-Sleeve-Large-Casual-Shirts-Summer-Plus-300x300.jpg 300w, https:\/\/overskud.eskerahn.dk\/wp-content\/uploads\/2023\/06\/New-Arrival-Fashion-Super-Large-Cotton-Bamboo-Fiber-Men-Short-Sleeve-Large-Casual-Shirts-Summer-Plus-150x150.jpg 150w, https:\/\/overskud.eskerahn.dk\/wp-content\/uploads\/2023\/06\/New-Arrival-Fashion-Super-Large-Cotton-Bamboo-Fiber-Men-Short-Sleeve-Large-Casual-Shirts-Summer-Plus-768x768.jpg 768w, https:\/\/overskud.eskerahn.dk\/wp-content\/uploads\/2023\/06\/New-Arrival-Fashion-Super-Large-Cotton-Bamboo-Fiber-Men-Short-Sleeve-Large-Casual-Shirts-Summer-Plus.jpg 800w\" sizes=\"auto, (max-width: 300px) 100vw, 300px\" \/><\/a> <a href=\"https:\/\/overskud.eskerahn.dk\/wp-content\/uploads\/2023\/06\/Knapper.jpg\"><img loading=\"lazy\" decoding=\"async\" class=\"alignnone size-full wp-image-88\" src=\"https:\/\/overskud.eskerahn.dk\/wp-content\/uploads\/2023\/06\/Knapper.jpg\" alt=\"\" width=\"282\" height=\"177\" srcset=\"https:\/\/overskud.eskerahn.dk\/wp-content\/uploads\/2023\/06\/Knapper.jpg 282w, https:\/\/overskud.eskerahn.dk\/wp-content\/uploads\/2023\/06\/Knapper-150x94.jpg 150w\" sizes=\"auto, (max-width: 282px) 100vw, 282px\" \/><\/a><\/p>\n<p>&nbsp;<\/p>\n<p>Tre styks lang\u00e6rmede l\u00e6rredsagtige <a href=\"https:\/\/www.aliexpress.com\/item\/1005001671577859.html\">herfra<\/a> (Black, Grey &amp; Red), ca 150Kr. Har pr\u00f8vet at have den gr\u00e5 p\u00e5 og og vasket den, men den fandt ikke n\u00e5de, de andre ubrugte.<br \/>\n<a href=\"https:\/\/overskud.eskerahn.dk\/wp-content\/uploads\/2023\/06\/New-Men-Spring-Casual-Fashion-Bamboo-Fiber-Cotton-Solid-Long-Sleeve-Blouses-Embroidery-Harmont-Bliane-Shirts.jpg\"><img loading=\"lazy\" decoding=\"async\" class=\"alignnone size-medium wp-image-82\" src=\"https:\/\/overskud.eskerahn.dk\/wp-content\/uploads\/2023\/06\/New-Men-Spring-Casual-Fashion-Bamboo-Fiber-Cotton-Solid-Long-Sleeve-Blouses-Embroidery-Harmont-Bliane-Shirts-300x300.jpg\" alt=\"\" width=\"300\" height=\"300\" srcset=\"https:\/\/overskud.eskerahn.dk\/wp-content\/uploads\/2023\/06\/New-Men-Spring-Casual-Fashion-Bamboo-Fiber-Cotton-Solid-Long-Sleeve-Blouses-Embroidery-Harmont-Bliane-Shirts-300x300.jpg 300w, https:\/\/overskud.eskerahn.dk\/wp-content\/uploads\/2023\/06\/New-Men-Spring-Casual-Fashion-Bamboo-Fiber-Cotton-Solid-Long-Sleeve-Blouses-Embroidery-Harmont-Bliane-Shirts-150x150.jpg 150w, https:\/\/overskud.eskerahn.dk\/wp-content\/uploads\/2023\/06\/New-Men-Spring-Casual-Fashion-Bamboo-Fiber-Cotton-Solid-Long-Sleeve-Blouses-Embroidery-Harmont-Bliane-Shirts-768x768.jpg 768w, https:\/\/overskud.eskerahn.dk\/wp-content\/uploads\/2023\/06\/New-Men-Spring-Casual-Fashion-Bamboo-Fiber-Cotton-Solid-Long-Sleeve-Blouses-Embroidery-Harmont-Bliane-Shirts.jpg 800w\" sizes=\"auto, (max-width: 300px) 100vw, 300px\" \/><\/a><a href=\"https:\/\/overskud.eskerahn.dk\/wp-content\/uploads\/2023\/06\/New-Men-Spring-Casual-Fashion-Bamboo-Fiber-Cotton-Solid-Long-Sleeve-Blouses-Embroidery-Harmont-Bliane-Shirts-3.jpg\"><img loading=\"lazy\" decoding=\"async\" class=\"alignnone size-medium wp-image-85\" src=\"https:\/\/overskud.eskerahn.dk\/wp-content\/uploads\/2023\/06\/New-Men-Spring-Casual-Fashion-Bamboo-Fiber-Cotton-Solid-Long-Sleeve-Blouses-Embroidery-Harmont-Bliane-Shirts-3-300x300.jpg\" alt=\"\" width=\"300\" height=\"300\" srcset=\"https:\/\/overskud.eskerahn.dk\/wp-content\/uploads\/2023\/06\/New-Men-Spring-Casual-Fashion-Bamboo-Fiber-Cotton-Solid-Long-Sleeve-Blouses-Embroidery-Harmont-Bliane-Shirts-3-300x300.jpg 300w, https:\/\/overskud.eskerahn.dk\/wp-content\/uploads\/2023\/06\/New-Men-Spring-Casual-Fashion-Bamboo-Fiber-Cotton-Solid-Long-Sleeve-Blouses-Embroidery-Harmont-Bliane-Shirts-3-150x150.jpg 150w, https:\/\/overskud.eskerahn.dk\/wp-content\/uploads\/2023\/06\/New-Men-Spring-Casual-Fashion-Bamboo-Fiber-Cotton-Solid-Long-Sleeve-Blouses-Embroidery-Harmont-Bliane-Shirts-3-768x768.jpg 768w, https:\/\/overskud.eskerahn.dk\/wp-content\/uploads\/2023\/06\/New-Men-Spring-Casual-Fashion-Bamboo-Fiber-Cotton-Solid-Long-Sleeve-Blouses-Embroidery-Harmont-Bliane-Shirts-3.jpg 800w\" sizes=\"auto, (max-width: 300px) 100vw, 300px\" \/><\/a><a href=\"https:\/\/overskud.eskerahn.dk\/wp-content\/uploads\/2023\/06\/New-Men-Spring-Casual-Fashion-Bamboo-Fiber-Cotton-Solid-Long-Sleeve-Blouses-Embroidery-Harmont-Bliane-Shirts-2.jpg\"><img loading=\"lazy\" decoding=\"async\" class=\"alignnone size-medium wp-image-84\" src=\"https:\/\/overskud.eskerahn.dk\/wp-content\/uploads\/2023\/06\/New-Men-Spring-Casual-Fashion-Bamboo-Fiber-Cotton-Solid-Long-Sleeve-Blouses-Embroidery-Harmont-Bliane-Shirts-2-300x300.jpg\" alt=\"\" width=\"300\" height=\"300\" srcset=\"https:\/\/overskud.eskerahn.dk\/wp-content\/uploads\/2023\/06\/New-Men-Spring-Casual-Fashion-Bamboo-Fiber-Cotton-Solid-Long-Sleeve-Blouses-Embroidery-Harmont-Bliane-Shirts-2-300x300.jpg 300w, https:\/\/overskud.eskerahn.dk\/wp-content\/uploads\/2023\/06\/New-Men-Spring-Casual-Fashion-Bamboo-Fiber-Cotton-Solid-Long-Sleeve-Blouses-Embroidery-Harmont-Bliane-Shirts-2-150x150.jpg 150w, https:\/\/overskud.eskerahn.dk\/wp-content\/uploads\/2023\/06\/New-Men-Spring-Casual-Fashion-Bamboo-Fiber-Cotton-Solid-Long-Sleeve-Blouses-Embroidery-Harmont-Bliane-Shirts-2-768x768.jpg 768w, https:\/\/overskud.eskerahn.dk\/wp-content\/uploads\/2023\/06\/New-Men-Spring-Casual-Fashion-Bamboo-Fiber-Cotton-Solid-Long-Sleeve-Blouses-Embroidery-Harmont-Bliane-Shirts-2.jpg 800w\" sizes=\"auto, (max-width: 300px) 100vw, 300px\" \/><\/a><\/p>\n<p>Den &#8216;Red&#8217; er ikke som jeg troede af billedet hen i mod det rustr\u00f8de. Den er n\u00e6rmest som det r\u00f8de i klassiske k\u00f8kkengardiner eller viskestykker.<\/p>\n<p>&nbsp;<\/p>\n<\/div><a href=\"https:\/\/overskud.eskerahn.dk\/?p=80\">Continue reading...&lt;\/p&gt;\n&lt;p&gt;&nbsp;&lt;\/p&gt;\n&lt;p&gt;<\/a><\/li><li><a href=\"https:\/\/overskud.eskerahn.dk\/?p=76\" class=\"eskeheader\">Tre meget simple ure, ubrugte<\/a><div class=\"lcp_content\"><p><img loading=\"lazy\" decoding=\"async\" class=\"alignnone size-large wp-image-77\" src=\"https:\/\/overskud.eskerahn.dk\/wp-content\/uploads\/2023\/05\/IMG_20230528_17250901-1024x752.jpg\" alt=\"\" width=\"640\" height=\"470\" srcset=\"https:\/\/overskud.eskerahn.dk\/wp-content\/uploads\/2023\/05\/IMG_20230528_17250901-1024x752.jpg 1024w, https:\/\/overskud.eskerahn.dk\/wp-content\/uploads\/2023\/05\/IMG_20230528_17250901-300x220.jpg 300w, https:\/\/overskud.eskerahn.dk\/wp-content\/uploads\/2023\/05\/IMG_20230528_17250901-150x110.jpg 150w, https:\/\/overskud.eskerahn.dk\/wp-content\/uploads\/2023\/05\/IMG_20230528_17250901-768x564.jpg 768w, https:\/\/overskud.eskerahn.dk\/wp-content\/uploads\/2023\/05\/IMG_20230528_17250901-1536x1128.jpg 1536w, https:\/\/overskud.eskerahn.dk\/wp-content\/uploads\/2023\/05\/IMG_20230528_17250901.jpg 1741w\" sizes=\"auto, (max-width: 640px) 100vw, 640px\" \/><\/p>\n<p>K\u00f8bt af ren nysgerrighed for at se om man virkelig kunne f\u00e5 et ur til $5, og det kunne man.<br \/>\n<a href=\"https:\/\/overskud.eskerahn.dk\/wp-content\/uploads\/2023\/05\/TreSimpleUre.jpg\"><img loading=\"lazy\" decoding=\"async\" class=\"alignnone size-medium wp-image-78\" src=\"https:\/\/overskud.eskerahn.dk\/wp-content\/uploads\/2023\/05\/TreSimpleUre-272x300.jpg\" alt=\"\" width=\"272\" height=\"300\" srcset=\"https:\/\/overskud.eskerahn.dk\/wp-content\/uploads\/2023\/05\/TreSimpleUre-272x300.jpg 272w, https:\/\/overskud.eskerahn.dk\/wp-content\/uploads\/2023\/05\/TreSimpleUre-136x150.jpg 136w, https:\/\/overskud.eskerahn.dk\/wp-content\/uploads\/2023\/05\/TreSimpleUre.jpg 756w\" sizes=\"auto, (max-width: 272px) 100vw, 272px\" \/><\/a><\/p>\n<p><a href=\"https:\/\/www.ebay.ie\/itm\/334025944794?var=543116074830\">https:\/\/www.ebay.ie\/itm\/334025944794?var=543116074830<\/a><br \/>\n<a href=\"https:\/\/www.ebay.ie\/itm\/334025944794?var=543116074801\">https:\/\/www.ebay.ie\/itm\/334025944794?var=543116074801<\/a><br \/>\n<a href=\"https:\/\/www.ebay.ie\/itm\/334025944794?var=543116074782\">https:\/\/www.ebay.ie\/itm\/334025944794?var=543116074782<\/a><\/p>\n<p>S\u00e5 m\u00e5ske noget til nogen med tre b\u00f8rn der skal l\u00e6re klokken?<\/p>\n<\/div><a href=\"https:\/\/overskud.eskerahn.dk\/?p=76\">Continue reading...&lt;\/p&gt;\n&lt;p&gt;&nbsp;&lt;\/p&gt;\n&lt;p&gt;<\/a><\/li><li><a href=\"https:\/\/overskud.eskerahn.dk\/?p=65\" class=\"eskeheader\">Bilbeskyttelse, ubrugt. Til hund.<\/a><div class=\"lcp_content\"><p><img loading=\"lazy\" decoding=\"async\" class=\"alignnone size-large wp-image-66\" src=\"https:\/\/overskud.eskerahn.dk\/wp-content\/uploads\/2023\/03\/IMG_20230324_09272101-1024x694.jpg\" alt=\"\" width=\"640\" height=\"434\" srcset=\"https:\/\/overskud.eskerahn.dk\/wp-content\/uploads\/2023\/03\/IMG_20230324_09272101-1024x694.jpg 1024w, https:\/\/overskud.eskerahn.dk\/wp-content\/uploads\/2023\/03\/IMG_20230324_09272101-300x203.jpg 300w, https:\/\/overskud.eskerahn.dk\/wp-content\/uploads\/2023\/03\/IMG_20230324_09272101-150x102.jpg 150w, https:\/\/overskud.eskerahn.dk\/wp-content\/uploads\/2023\/03\/IMG_20230324_09272101-768x521.jpg 768w, https:\/\/overskud.eskerahn.dk\/wp-content\/uploads\/2023\/03\/IMG_20230324_09272101-1536x1041.jpg 1536w, https:\/\/overskud.eskerahn.dk\/wp-content\/uploads\/2023\/03\/IMG_20230324_09272101-2048x1388.jpg 2048w\" sizes=\"auto, (max-width: 640px) 100vw, 640px\" \/><\/p>\n<p>Fx her https:\/\/www.e-zooo.com\/fr\/couverture-de-protection-pour-voiture-145-160-cm-noir<\/p>\n<p>K\u00f8bt to 2013-07-13 hos zooplus, det her har aldrig v\u00e6ret brugt, formentligt aldrig v\u00e6ret ude af posen&#8230;.<\/p>\n<\/div><a href=\"https:\/\/overskud.eskerahn.dk\/?p=65\">Continue reading...&lt;\/p&gt;\n&lt;p&gt;&nbsp;&lt;\/p&gt;\n&lt;p&gt;<\/a><\/li><li><a href=\"https:\/\/overskud.eskerahn.dk\/?p=61\" class=\"eskeheader\">Grillcover II, fejlk\u00f8b, brugt \u00e9n gang<\/a><div class=\"lcp_content\"><p><img loading=\"lazy\" decoding=\"async\" class=\"alignnone size-full wp-image-62\" src=\"https:\/\/overskud.eskerahn.dk\/wp-content\/uploads\/2023\/03\/GrillCoverII.jpg\" alt=\"\" width=\"936\" height=\"852\" srcset=\"https:\/\/overskud.eskerahn.dk\/wp-content\/uploads\/2023\/03\/GrillCoverII.jpg 936w, https:\/\/overskud.eskerahn.dk\/wp-content\/uploads\/2023\/03\/GrillCoverII-300x273.jpg 300w, https:\/\/overskud.eskerahn.dk\/wp-content\/uploads\/2023\/03\/GrillCoverII-150x137.jpg 150w, https:\/\/overskud.eskerahn.dk\/wp-content\/uploads\/2023\/03\/GrillCoverII-768x699.jpg 768w\" sizes=\"auto, (max-width: 936px) 100vw, 936px\" \/><\/p>\n<p>Fejlk\u00f8b,<\/p>\n<p>Se fx, https:\/\/instashop.ee\/instapood\/toode\/028601696B eller https:\/\/www.coolpriser.dk\/shop\/bbq-gasgrill-cover-1635433p.html<\/p>\n<p>&nbsp;<\/p>\n<\/div><a href=\"https:\/\/overskud.eskerahn.dk\/?p=61\">Continue reading...&lt;\/p&gt;\n&lt;p&gt;&nbsp;&lt;\/p&gt;\n&lt;p&gt;<\/a><\/li><li><a href=\"https:\/\/overskud.eskerahn.dk\/?p=58\" class=\"eskeheader\">Grillcover I, fejlk\u00f8b ubrugt<\/a><div class=\"lcp_content\"><p><img loading=\"lazy\" decoding=\"async\" class=\"alignnone size-full wp-image-59\" src=\"https:\/\/overskud.eskerahn.dk\/wp-content\/uploads\/2023\/03\/GrillCover.jpg\" alt=\"\" width=\"732\" height=\"833\" srcset=\"https:\/\/overskud.eskerahn.dk\/wp-content\/uploads\/2023\/03\/GrillCover.jpg 732w, https:\/\/overskud.eskerahn.dk\/wp-content\/uploads\/2023\/03\/GrillCover-264x300.jpg 264w, https:\/\/overskud.eskerahn.dk\/wp-content\/uploads\/2023\/03\/GrillCover-132x150.jpg 132w\" sizes=\"auto, (max-width: 732px) 100vw, 732px\" \/><\/p>\n<p>Fejlk\u00f8b.<\/p>\n<p>Se https:\/\/www.silvan.dk\/blue-mountain-grillovertraek?id=7260-9848608<\/p>\n<\/div><a href=\"https:\/\/overskud.eskerahn.dk\/?p=58\">Continue reading...&lt;\/p&gt;\n&lt;p&gt;&nbsp;&lt;\/p&gt;\n&lt;p&gt;<\/a><\/li><\/ul><ul class='lcp_paginator'><li class='lcp_currentpage'>1<\/li><li><a href='https:\/\/overskud.eskerahn.dk\/index.php?rest_route=%2Fwp%2Fv2%2Fpages%2F7&#038;lcp_page0=2#lcp_instance_0' title='2'>2<\/a><\/li><li><a href='https:\/\/overskud.eskerahn.dk\/index.php?rest_route=%2Fwp%2Fv2%2Fpages%2F7&#038;lcp_page0=2#lcp_instance_0' title='2' class='lcp_nextlink'>&gt;&gt;<\/a><\/li><\/ul>\n","protected":false},"excerpt":{"rendered":"<p>Dette er f\u00f8rste fors\u00f8g p\u00e5 en side med ting jeg har i overskud, men som jeg ikke n\u00e6nner at bare smide ud, og som kan afhentes gratis. Stort som sm\u00e5t. (Ting er ofte i originalemballage) Har noget interesse s\u00e5 kontakt mig for at aftale afhentning\/levering. Siden vil blive opdateret som jeg s\u00e6tter mere p\u00e5 eller [&hellip;]<\/p>\n","protected":false},"author":1,"featured_media":0,"parent":0,"menu_order":0,"comment_status":"closed","ping_status":"closed","template":"","meta":{"footnotes":""},"class_list":["post-7","page","type-page","status-publish","hentry"],"_links":{"self":[{"href":"https:\/\/overskud.eskerahn.dk\/index.php?rest_route=\/wp\/v2\/pages\/7","targetHints":{"allow":["GET"]}}],"collection":[{"href":"https:\/\/overskud.eskerahn.dk\/index.php?rest_route=\/wp\/v2\/pages"}],"about":[{"href":"https:\/\/overskud.eskerahn.dk\/index.php?rest_route=\/wp\/v2\/types\/page"}],"author":[{"embeddable":true,"href":"https:\/\/overskud.eskerahn.dk\/index.php?rest_route=\/wp\/v2\/users\/1"}],"replies":[{"embeddable":true,"href":"https:\/\/overskud.eskerahn.dk\/index.php?rest_route=%2Fwp%2Fv2%2Fcomments&post=7"}],"version-history":[{"count":1,"href":"https:\/\/overskud.eskerahn.dk\/index.php?rest_route=\/wp\/v2\/pages\/7\/revisions"}],"predecessor-version":[{"id":9,"href":"https:\/\/overskud.eskerahn.dk\/index.php?rest_route=\/wp\/v2\/pages\/7\/revisions\/9"}],"wp:attachment":[{"href":"https:\/\/overskud.eskerahn.dk\/index.php?rest_route=%2Fwp%2Fv2%2Fmedia&parent=7"}],"curies":[{"name":"wp","href":"https:\/\/api.w.org\/{rel}","templated":true}]}}